{"id":140,"date":"2022-04-19T18:01:33","date_gmt":"2022-04-19T16:01:33","guid":{"rendered":"https:\/\/www.nemeszsuzsanna.hu\/blog\/?page_id=140"},"modified":"2022-04-19T18:01:33","modified_gmt":"2022-04-19T16:01:33","slug":"altalanos-szerzodesi-feltetelek","status":"publish","type":"page","link":"https:\/\/www.nemeszsuzsanna.hu\/blog\/altalanos-szerzodesi-feltetelek\/","title":{"rendered":"\u00c1ltal\u00e1nos Szerz\u0151d\u00e9si Felt\u00e9telek"},"content":{"rendered":"\n<p><\/p>\n\n\n\n<p>Utols\u00f3 friss\u00edt\u00e9s: 2022. janu\u00e1r 1.<\/p>\n\n\n\n<hr class=\"wp-block-separator\"\/>\n\n\n\n<p>\u00c1ltal\u00e1nos Szerz\u0151d\u00e9si Felt\u00e9telek(\u00c1SZF) a NEMESZSUZSANNA.HU weboldalon kereszt\u00fcl ny\u00fajtott szolg\u00e1ltat\u00e1sok ig\u00e9nybev\u00e9tel\u00e9hez<\/p>\n\n\n\n<p>\u00c1ltal\u00e1nos Szerz\u0151d\u00e9si Felt\u00e9telek (\u00c1SZF), amely a Megb\u00edz\u00f3val az 5.1. pont szerint megk\u00f6t\u00f6tt szerz\u0151d\u00e9s elv\u00e1laszthatatlan r\u00e9sz\u00e9t k\u00e9pezi. A szerz\u0151d\u00e9ses aj\u00e1nlat 5.1. pont szerinti m\u00f3don t\u00f6rt\u00e9n\u0151 elfogad\u00e1s\u00e1val a Megb\u00edz\u00f3 elismeri, hogy a k\u00fcl\u00f6n nem szab\u00e1lyozott rendelkez\u00e9sek tekintet\u00e9ben az \u00c1SZF rendelkez\u00e9seit kell alkalmazni, melyeknek a Megb\u00edz\u00f3 a szerz\u0151d\u00e9ses aj\u00e1nlat elfogad\u00e1s\u00e1val \u00e9s a szolg\u00e1ltat\u00e1s ig\u00e9nybe v\u00e9tel\u00e9vel al\u00e1veti mag\u00e1t. Az \u00c1SZF mindenkor hat\u00e1lyos sz\u00f6vege megtal\u00e1lhat\u00f3 a Megb\u00edzott honlapj\u00e1n (www.nemeszsuzsanna.hu), illetve a Megb\u00edz\u00f3 k\u00edv\u00e1ns\u00e1g\u00e1ra azt a Megb\u00edzott nyomtatott form\u00e1ban is rendelkez\u00e9sre bocs\u00e1tja.<\/p>\n\n\n\n<p><strong>1. A Megb\u00edzott<\/strong><\/p>\n\n\n\n<p>1.1. A Megb\u00edzott a <a href=\"https:\/\/Nemeszsuzsanna.hu\">Nemeszsuzsanna.hu<\/a> weboldal tulajdonosa \u00e9s \u00fczemeltet\u0151je a&nbsp;<\/p>\n\n\n\n<p>Nemes Zsuzsanna e.v. ( nyilv\u00e1ntart\u00e1si sz\u00e1m: 50927034 sz\u00e9khelye: 5900 Orosh\u00e1za, K\u00edgy\u00f3 u. 2 TT.1. telefonsz\u00e1ma: +36 30&nbsp;529 95 78, k\u00e9pvisel\u0151je: Nemes Zsuzsanna, e-mail c\u00edme: <a href=\"mailto:info@nemeszsuzsanna.hu\">info@nemeszsuzsanna.hu<\/a>),<\/p>\n\n\n\n<p>1.2. A Megb\u00edzott egyben r\u00f6gz\u00edti, hogy a szerz\u0151d\u00e9ses tev\u00e9kenys\u00e9ggel kapcsolatosan megfelel\u0151 szakismerettel \u00e9s a tev\u00e9kenys\u00e9g magas sz\u00ednvonal\u00fa ell\u00e1t\u00e1s\u00e1hoz sz\u00fcks\u00e9ges megfelel\u0151 szak\u00e9rtelemmel rendelkeznek, melyre tekintettel a tev\u00e9kenys\u00e9g\u00fcket magas szakmai sz\u00ednvonalon v\u00e9gzi.<\/p>\n\n\n\n<p><strong>2. A Megb\u00edzott felel\u0151ss\u00e9gi k\u00f6re<\/strong><\/p>\n\n\n\n<p>2.1. A Megb\u00edzott felel mindazok\u00e9rt a Megb\u00edz\u00f3nak okozott k\u00e1rok\u00e9rt, amelyek a szakma szab\u00e1lyainak megs\u00e9rt\u00e9s\u00e9b\u0151l, kifejezetten a saj\u00e1t \u00e9rdekk\u00f6r\u00e9ben felmer\u00fcl\u0151 okb\u00f3l fakadnak.<\/p>\n\n\n\n<p>2.2. Mentes\u00fcl a Megb\u00edzott a felel\u0151ss\u00e9g al\u00f3l, ha bizony\u00edtja, hogy \u00fagy j\u00e1rt el, ahogyan az a szakma szab\u00e1lyai szerint t\u0151le elv\u00e1rhat\u00f3, illetve azt, hogy a bek\u00f6vetkezett k\u00e1r neki nem felr\u00f3hat\u00f3 okb\u00f3l keletkezett.<\/p>\n\n\n\n<p><strong>3. Az \u00c1SZF \u00e9rv\u00e9nyess\u00e9ge \u00e9s hat\u00e1lya<\/strong><\/p>\n\n\n\n<p>3.1. A Megb\u00edzott a tev\u00e9kenys\u00e9gi k\u00f6r\u00e9ben meghat\u00e1rozott szolg\u00e1ltat\u00e1sait az \u00c1ltal\u00e1nos Szerz\u0151d\u00e9si Felt\u00e9telek (a tov\u00e1bbiakban \u00c1SZF) alapj\u00e1n ny\u00fajtja.<\/p>\n\n\n\n<p>3.2. Az \u00c1SZF hat\u00e1lya kiterjed a teljes szolg\u00e1ltat\u00e1sra, valamint annak a j\u00f6v\u0151beni m\u00f3dos\u00edt\u00e1saira is.<\/p>\n\n\n\n<p>3.3. A Megb\u00edzott a szolg\u00e1ltat\u00e1s b\u00e1rmilyen j\u00f6v\u0151beni b\u0151v\u00edt\u00e9s\u00e9t vagy m\u00f3dos\u00edt\u00e1s\u00e1t az \u00c1SZF szab\u00e1lyainak figyelembev\u00e9tel\u00e9vel v\u00e9gzi el.<\/p>\n\n\n\n<p>3.4. A Megb\u00edzott fenntartja mag\u00e1nak a jogot, hogy az \u00c1ltal\u00e1nos Szerz\u0151d\u00e9si Felt\u00e9teleket kieg\u00e9sz\u00edtse, vagy megv\u00e1ltoztassa. A Megb\u00edzott az \u00c1SZF szab\u00e1lyait minden m\u00f3dos\u00edt\u00e1st k\u00f6vet\u0151en egys\u00e9ges szerkezetbe foglalja, majd pedig annak a Megb\u00edz\u00f3k sz\u00e1m\u00e1ra t\u00f6rt\u00e9n\u0151 megismer\u00e9s\u00e9t folyamatosan biztos\u00edtja az interneten, a www.nemeszsuzsanna.hu el\u00e9rhet\u0151s\u00e9g alatt.<\/p>\n\n\n\n<p><strong>4. A Megb\u00edz\u00f3<\/strong><\/p>\n\n\n\n<p>4.1. A Megb\u00edzott a szolg\u00e1ltat\u00e1s\u00e1t mind jogi szem\u00e9lyek, mind term\u00e9szetes szem\u00e9lyek r\u00e9sz\u00e9re ny\u00fajtja. A Megb\u00edz\u00f3 mag\u00e1nszem\u00e9lyk\u00e9nt csak a 18. \u00e9let\u00e9v\u00e9t bet\u00f6lt\u00f6tt term\u00e9szetes szem\u00e9ly lehet, akinek a cselekv\u0151k\u00e9pess\u00e9ge korl\u00e1tozva nincs.<\/p>\n\n\n\n<p>4.2. Az \u00c1SZF-ben r\u00f6gz\u00edtett szab\u00e1lyok k\u00f6telez\u0151 erej\u0171ek a Megb\u00edz\u00f3ra &#8211; illetve ha a Megb\u00edz\u00f3 \u00e9s a szolg\u00e1ltat\u00e1s ig\u00e9nybevev\u0151je egym\u00e1st\u00f3l elt\u00e9r, \u00fagy az ig\u00e9nybevev\u0151re is -, aki a szerz\u0151d\u00e9ses aj\u00e1nlat elfogad\u00e1s\u00e1val, illetve a szolg\u00e1ltat\u00e1s ig\u00e9nybe v\u00e9tel\u00e9vel elismeri, hogy az \u00c1SZF rendelkez\u00e9seit megismerte, \u00e9s hogy azokat mag\u00e1ra n\u00e9zve k\u00f6telez\u0151nek ismeri el.<\/p>\n\n\n\n<p>4.3. A Megb\u00edz\u00f3 k\u00f6teles a sz\u00fcks\u00e9ges inform\u00e1ci\u00f3k kell\u0151 id\u0151ben val\u00f3 \u00e1tad\u00e1s\u00e1val el\u0151seg\u00edteni a Megb\u00edzott szerz\u0151d\u00e9ses tev\u00e9kenys\u00e9g\u00e9t, azzal, hogy amennyiben ezen inform\u00e1ci\u00f3k \u00e1tad\u00e1s\u00e1t nem vagy k\u00e9sedelmesen teljes\u00edti, \u00fagy a Megb\u00edzottat az erre tekintettel bek\u00f6vetkez\u0151 k\u00e9sedelmes teljes\u00edt\u00e9s\u00e9\u00e9rt felel\u0151ss\u00e9g nem terheli.<\/p>\n\n\n\n<p><strong>5. A felek k\u00f6z\u00f6tti szolg\u00e1ltat\u00e1si jogviszony l\u00e9trej\u00f6tte, az egyedi (Megb\u00edz\u00e1si) szerz\u0151d\u00e9s, az egyedi szerz\u0151d\u00e9s \u00e9s az \u00c1SZF kapcsolata<\/strong><\/p>\n\n\n\n<p>5.1. A Megb\u00edzott \u00e9s a szolg\u00e1ltat\u00e1s\u00e1t ig\u00e9nybe venni k\u00edv\u00e1n\u00f3 Megb\u00edz\u00f3 k\u00f6z\u00f6tt megb\u00edz\u00e1si (szolg\u00e1ltat\u00e1si) jogviszony j\u00f6n l\u00e9tre. A Megb\u00edz\u00f3nak az \u00e1ltala m\u0171k\u00f6dtetett weblapon k\u00f6zz\u00e9tett aj\u00e1nlata Megb\u00edzott \u00e1ltali elfogad\u00e1s\u00e1val a felek k\u00f6z\u00f6tt szerz\u0151d\u00e9s j\u00f6n l\u00e9tre, az ott meghat\u00e1rozott tartalommal. Az ott k\u00fcl\u00f6n nem szab\u00e1lyozott k\u00e9rd\u00e9sekben az \u00c1SZF szab\u00e1lyait kell alkalmazni, amelynek megismer\u00e9s\u00e9t \u00e9s elfogad\u00e1s\u00e1t a Megb\u00edz\u00f3 a szolg\u00e1ltat\u00e1si aj\u00e1nlat elfogad\u00e1s\u00e1val \u00e9s a szolg\u00e1ltat\u00e1s ig\u00e9nybe v\u00e9tel\u00e9vel ismer el.<\/p>\n\n\n\n<p>5.2. A szolg\u00e1ltat\u00e1si aj\u00e1nlat elfogad\u00e1sa a szolg\u00e1ltat\u00e1s t\u00edpus\u00e1t\u00f3l f\u00fcgg\u0151en tartalmazza a Megb\u00edz\u00f3 nev\u00e9t, c\u00edm\u00e9t, e-mail c\u00edm\u00e9t, illetve sz\u00fcks\u00e9g eset\u00e9n a szolg\u00e1ltat\u00e1s d\u00edj\u00e1nak sz\u00e1ml\u00e1z\u00e1s\u00e1hoz sz\u00fcks\u00e9ges adatokat.<\/p>\n\n\n\n<p>5.3. A szolg\u00e1ltat\u00e1si aj\u00e1nlat tartalmazza a Megb\u00edzott mindazon szolg\u00e1ltat\u00e1sainak k\u00f6r\u00e9t, amelynek teljes\u00edt\u00e9s\u00e9re a Megb\u00edzott k\u00f6telezetts\u00e9get v\u00e1llal. Az ott meghat\u00e1rozott szolg\u00e1ltat\u00e1sok k\u00f6r\u00e9t a jogszab\u00e1lyok, a szakmai szokv\u00e1nyok, \u00e9s a magyar nyelv szab\u00e1lyai szerint kell \u00e9rtelmezni, kiterjeszt\u00e9snek e vonatkoz\u00e1sban nincs helye.<\/p>\n\n\n\n<p>5.4. A szolg\u00e1ltat\u00e1si aj\u00e1nlat tartalmazza a szolg\u00e1ltat\u00e1s t\u00edpus\u00e1t\u00f3l f\u00fcgg\u0151en a szolg\u00e1ltat\u00e1sok teljes d\u00edj\u00e1t, az esetleges d\u00edjv\u00e1ltoztat\u00e1s lehet\u0151s\u00e9g\u00e9t \u00e9s eseteit, amelyt\u0151l elt\u00e9rni &#8211; amennyiben a felek ett\u0151l elt\u00e9r\u0151en nem \u00e1llapodnak meg &#8211; csak a szerz\u0151d\u00e9s m\u00f3dos\u00edt\u00e1s\u00e1val lehets\u00e9ges.<\/p>\n\n\n\n<p><strong>6. A Szolg\u00e1ltat\u00e1s<\/strong><\/p>\n\n\n\n<p>6.1. A Megb\u00edzott a Megb\u00edz\u00f3 r\u00e9sz\u00e9re online Mesterkurzus szolg\u00e1ltat\u00e1st, online mentoring, coching \u00e9s implement\u00e1ci\u00f3s programot, coachinghoz, tr\u00e9ninghez \u00e9s tan\u00e1csad\u00e1shoz kapcsol\u00f3d\u00f3 alkalmaz\u00e1st seg\u00edt\u0151 eszk\u00f6zt\u00e1rakat, \u00e9rt\u00e9kes\u00edt\u00e9si munkat\u00e1rs-\u00e9s vezet\u0151k\u00e9pz\u00e9st, coach k\u00e9pz\u00e9st, tan\u00e1csad\u00f3 k\u00e9pz\u00e9st, gondolkod\u00e1sm\u00f3d fejleszt\u0151 tr\u00e9ning szolg\u00e1ltat\u00e1st illet\u0151leg a szolg\u00e1ltat\u00e1saival kapcsolatosan rendszeres h\u00edrlev\u00e9l k\u00fcld\u00e9s szolg\u00e1ltat\u00e1st ny\u00fajt.<\/p>\n\n\n\n<p>6.1.1. Online Mesterkurzus (Webinar)&nbsp;<\/p>\n\n\n\n<p>Az Online Mesterkurzus keret\u00e9ben a Megb\u00edzott a szolg\u00e1ltat\u00e1s ig\u00e9nybevev\u0151i sz\u00e1m\u00e1ra el\u0151re meghat\u00e1rozott id\u0151pontokban \u00e9s id\u0151tartamban el\u0151ad\u00e1sokat tart, amelyet az interneten kereszt\u00fcl, online k\u00f6zvet\u00edt\u00e9s keret\u00e9ben vehetnek ig\u00e9nybe. A r\u00e9szv\u00e9tel a weblapon t\u00f6rt\u00e9n\u0151 jelentkez\u00e9s \u00fatj\u00e1n vehet\u0151 ig\u00e9nybe, melynek sor\u00e1n a Megb\u00edz\u00f3k a nev\u00fck \u00e9s e-mail c\u00edm\u00fck megjel\u00f6l\u00e9s\u00e9vel regisztr\u00e1lnak. A szolg\u00e1ltat\u00e1s ig\u00e9nybev\u00e9tele d\u00edjmentes.<\/p>\n\n\n\n<p>6.1.2. Online exkluz\u00edv Coaching \u00e9s Implement\u00e1ci\u00f3s programok (C&amp;I Programok)<\/p>\n\n\n\n<p>A k\u00e9pz\u00e9sre a Megb\u00edz\u00f3 \u00e9s a Megb\u00edzott egyedi szerz\u0151d\u00e9st k\u00f6t \u00edr\u00e1sban egym\u00e1ssal. A szerz\u0151d\u00e9s tartalmazza a Megb\u00edzott \u00e1ltal ny\u00fajtott szolg\u00e1ltat\u00e1s r\u00e9szletes felt\u00e9teleit, a felek jogait \u00e9s k\u00f6telezetts\u00e9geit valamint a szolg\u00e1ltat\u00e1s d\u00edj\u00e1t. A szerz\u0151d\u00e9s a Megb\u00edz\u00f3 sz\u00e1ml\u00e1z\u00e1shoz sz\u00fcks\u00e9ges adatait tartalmazza (mag\u00e1nszem\u00e9ly eset\u00e9n a nev\u00e9t, anyja nev\u00e9t, sz\u00fclet\u00e9si idej\u00e9t, c\u00edm\u00e9t \u00e9s banksz\u00e1mlasz\u00e1m\u00e1t, jogi szem\u00e9ly eset\u00e9n a jogi szem\u00e9ly elnevez\u00e9s\u00e9t, sz\u00e9khely\u00e9t, k\u00e9pvisel\u0151j\u00e9nek nev\u00e9t \u00e9s ad\u00f3sz\u00e1m\u00e1t)<\/p>\n\n\n\n<p>6.1.3. Tr\u00e9ninghez, coachinghoz \u00e9s tan\u00e1csad\u00e1shoz kapcsol\u00f3d\u00f3 alkalmaz\u00e1st seg\u00edt\u0151 eszk\u00f6zt\u00e1r<\/p>\n\n\n\n<p>Az elektronikus term\u00e9k \u00e9rt\u00e9kes\u00edt\u00e9s keret\u00e9ben a Megb\u00edzott coaching elektronikus \u00faton tov\u00e1bb\u00edtott, nyomtathat\u00f3 coaching eszk\u00f6z\u00f6ket hirdet meg, egym\u00e1st\u00f3l elt\u00e9r\u0151 tartalommal, aj\u00e1nlat\u00e1ban r\u00e9szletesen ismertetve ezek tartalm\u00e1t, tematik\u00e1j\u00e1t \u00e9s d\u00edj\u00e1t. A Megb\u00edz\u00f3 a weblapon rendelkez\u00e9sre \u00e1ll\u00f3 megrendel\u0151lapon tett bejegyz\u00e9ssel rendeli meg a szolg\u00e1ltat\u00e1st s annak d\u00edj\u00e1t az aj\u00e1nlatban szerepl\u0151 fizet\u00e9si rendszer ig\u00e9nybev\u00e9tel\u00e9vel a sz\u00e1mla elektronikus k\u00e9zhezv\u00e9tel\u00e9t k\u00f6vet\u0151en egyenl\u00edti ki \u00e1tutal\u00e1s \u00fatj\u00e1n. A megrendel\u0151lapon a Megb\u00edz\u00f3nak a nev\u00e9t, c\u00edm\u00e9t \u00e9s banksz\u00e1mla sz\u00e1m\u00e1t sz\u00fcks\u00e9ges felt\u00fcntetnie.<\/p>\n\n\n\n<p>6.1.4. Szervezet- \u00e9s vezet\u0151fejleszt\u0151 mentoring programra a Megb\u00edz\u00f3 \u00e9s a Megb\u00edzott egyedi szerz\u0151d\u00e9st k\u00f6t \u00edr\u00e1sban egym\u00e1ssal. A szerz\u0151d\u00e9s tartalmazza a Megb\u00edzott \u00e1ltal ny\u00fajtott szolg\u00e1ltat\u00e1s r\u00e9szletes felt\u00e9teleit, a felek jogait \u00e9s k\u00f6telezetts\u00e9geit, valamint a szolg\u00e1ltat\u00e1s d\u00edj\u00e1t. A szerz\u0151d\u00e9s a Megb\u00edz\u00f3 sz\u00e1ml\u00e1z\u00e1shoz sz\u00fcks\u00e9ges adatait tartalmazza (mag\u00e1nszem\u00e9ly eset\u00e9n a nev\u00e9t, anyja nev\u00e9t, sz\u00fclet\u00e9si idej\u00e9t, c\u00edm\u00e9t \u00e9s banksz\u00e1mlasz\u00e1m\u00e1t, jogi szem\u00e9ly eset\u00e9n a jogi szem\u00e9ly elnevez\u00e9s\u00e9t, sz\u00e9khely\u00e9t, k\u00e9pvisel\u0151j\u00e9nek nev\u00e9t \u00e9s ad\u00f3sz\u00e1m\u00e1t)<\/p>\n\n\n\n<p>6.1.5. H\u00edrlev\u00e9l k\u00fcld\u00e9s<\/p>\n\n\n\n<p>A weblapon aj\u00e1nlott h\u00edrlevelet a Megb\u00edz\u00f3 a lev\u00e9lk\u00fcld\u00e9sre vonatkoz\u00f3 megrendel\u0151lap kit\u00f6lt\u00e9s\u00e9vel rendeli meg. A megrendel\u0151lapon a Megb\u00edz\u00f3 nev\u00e9t \u00e9s e-mail c\u00edm\u00e9t sz\u00fcks\u00e9ges felt\u00fcntetni.<\/p>\n\n\n\n<p>6.2. A felek k\u00f6z\u00f6tti szerz\u0151d\u00e9s a szolg\u00e1ltat\u00f3 aj\u00e1nlat\u00e1nak a weblapon t\u00f6rt\u00e9n\u0151 elfogad\u00e1s\u00e1val, a megrendel\u0151 lap kit\u00f6lt\u00e9s\u00e9vel (6.1.1. pont), a szolg\u00e1ltat\u00f3 aj\u00e1nlat\u00e1nak elfogad\u00e1s\u00e1val \u00e9s a szolg\u00e1ltat\u00e1s d\u00edj\u00e1nak egyidej\u0171 \u00e1tutal\u00e1s\u00e1val (6.1.2. \u00e9s 6.1.3. pont), a szolg\u00e1ltat\u00e1sra vonatkoz\u00f3 megb\u00edz\u00e1si szerz\u0151d\u00e9s mindk\u00e9t f\u00e9l \u00e1ltali al\u00e1\u00edr\u00e1s\u00e1val (6.1.4. pont), illet\u0151leg a szolg\u00e1ltat\u00e1sra vonatkoz\u00f3 megrendel\u0151lap kit\u00f6lt\u00e9s\u00e9vel \u00e9s elk\u00fcld\u00e9s\u00e9vel (6.1.5. pont) j\u00f6n l\u00e9tre.<\/p>\n\n\n\n<p><strong>7. A Felek jogai \u00e9s k\u00f6telezetts\u00e9gei<\/strong><\/p>\n\n\n\n<p>7.1. A Megb\u00edzott jogai \u00e9s k\u00f6telezetts\u00e9gei<\/p>\n\n\n\n<p>7.1.1. A Megb\u00edzott k\u00f6telezetts\u00e9get v\u00e1llal arra, hogy az \u00e1ltala meghirdetett \u00e9s a Megb\u00edz\u00f3 \u00e1ltal ig\u00e9nybevett szolg\u00e1ltat\u00e1st az el\u00e9rhet\u0151 legmagasabb sz\u00ednvonalon, a szakma szab\u00e1lyainak \u00e9s szabv\u00e1nyainak a figyelembe v\u00e9tel\u00e9vel ny\u00fajtja.<\/p>\n\n\n\n<p>7.1.2. A Megb\u00edzott k\u00f6telezetts\u00e9get v\u00e1llal arra, hogy az \u00e1ltala a szolg\u00e1ltat\u00e1s ny\u00fajt\u00e1sa k\u00f6zben \u00e1tadott inform\u00e1ci\u00f3k, adatok, le\u00edr\u00e1sok \u00e9s m\u00f3dszerek a szakma szabv\u00e1nyainak figyelembe v\u00e9tel\u00e9vel \u00e9s a jogszab\u00e1lyok figyelembe v\u00e9tel\u00e9vel a szakm\u00e1ra vonatkoz\u00f3 etikai szab\u00e1lyok teljes k\u00f6r\u0171 megtart\u00e1s\u00e1val ker\u00fclnek \u00e1tad\u00e1sra.<\/p>\n\n\n\n<p>7.1.3. A Megb\u00edzott a 7.1.2. pont szerint r\u00e9szletezett inform\u00e1ci\u00f3k \u00e1tad\u00e1s\u00e1n t\u00falmen\u0151en nem v\u00e1llal k\u00f6telezetts\u00e9get b\u00e1rmif\u00e9le eredm\u00e9ny bek\u00f6vetkez\u00e9s\u00e9re, \u00edgy az \u00e1tadott inform\u00e1ci\u00f3k, adatok \u00e9s m\u00f3dszerek hasznos\u00edt\u00e1sa, alkalmaz\u00e1s\u00e1nak sikeress\u00e9ge semmilyen form\u00e1ban nem k\u00e9rhet\u0151 rajta sz\u00e1mon.<\/p>\n\n\n\n<p>7.1.4. Az id\u0151ponthoz k\u00f6t\u00f6tt szolg\u00e1ltat\u00e1sok tekintet\u00e9ben a Megb\u00edzott jogosult az aj\u00e1nlatban kit\u0171z\u00f6tt id\u0151pontok megv\u00e1ltoztat\u00e1s\u00e1ra azzal azonban, hogy err\u0151l legk\u00e9s\u0151bb 24 \u00f3r\u00e1val el\u0151bb \u00e9rtes\u00edtenie kell a Megb\u00edz\u00f3t.<\/p>\n\n\n\n<p>7.1.5. A Megb\u00edzott jogosult az \u00c1ltal\u00e1nos Szerz\u0151d\u00e9si Felt\u00e9telek rendelkez\u00e9seinek egyoldal\u00fa megv\u00e1ltoztat\u00e1s\u00e1ra, amely m\u00f3dos\u00edt\u00e1sokat a nemeszsuzsanna.hu oldalon k\u00f6zz\u00e9 kell tennie a hat\u00e1lyba l\u00e9p\u00e9s id\u0151pontj\u00e1val egy\u00fctt.<\/p>\n\n\n\n<p>7.2. A Megb\u00edz\u00f3 jogai \u00e9s k\u00f6telezetts\u00e9gei<\/p>\n\n\n\n<p>7.2.1. A Megb\u00edz\u00f3 jogosult az \u00e1ltala megrendelt szolg\u00e1ltat\u00e1st ig\u00e9nybe venni.<\/p>\n\n\n\n<p>7.2.2. A Megb\u00edz\u00f3 jogosult a szolg\u00e1ltat\u00e1s ny\u00fajt\u00e1sa sor\u00e1n megkapott inform\u00e1ci\u00f3kat, adatokat \u00e9s m\u00f3dszereket a saj\u00e1t k\u00e9pz\u00e9si c\u00e9lj\u00e1ra felhaszn\u00e1lni.<\/p>\n\n\n\n<p>7.2.3. A Megb\u00edz\u00f3 nem jogosult a szolg\u00e1ltat\u00e1s ny\u00fajt\u00e1sa sor\u00e1n megkapott inform\u00e1ci\u00f3kat, adatokat \u00e9s m\u00f3dszereket tov\u00e1bb\u00e9rt\u00e9kes\u00edteni, azokat saj\u00e1t szellemi term\u00e9kek\u00e9nt hivatkozni, illetve azokat ezen a m\u00f3don felhaszn\u00e1lni, illetve a saj\u00e1t k\u00e9pz\u00e9s\u00e9t\u0151l elt\u00e9r\u0151 c\u00e9lokra felhaszn\u00e1lni.<\/p>\n\n\n\n<p>7.2.4. A Megb\u00edz\u00f3 k\u00f6teles az \u00e1ltala megadott adataiban bek\u00f6vetkez\u0151 v\u00e1ltoz\u00e1st halad\u00e9ktalanul a Megb\u00edzott tudom\u00e1s\u00e1ra hozni.<\/p>\n\n\n\n<p><strong>8. A szerz\u0151d\u00e9s megsz\u0171n\u00e9se<\/strong><\/p>\n\n\n\n<p>8.1. A megb\u00edz\u00e1si szerz\u0151d\u00e9s megsz\u0171nhet:<\/p>\n\n\n\n<p>&nbsp;&#8211; A felek k\u00f6z\u00f6s megegyez\u00e9se \u00fatj\u00e1n<\/p>\n\n\n\n<p>&nbsp;&#8211; Azonnali hat\u00e1ly\u00fa felmond\u00e1s \u00fatj\u00e1n<\/p>\n\n\n\n<p>&nbsp;&#8211; A Megb\u00edzott jogut\u00f3d n\u00e9lk\u00fcli megsz\u0171n\u00e9s\u00e9vel, vagy a term\u00e9szetes szem\u00e9ly hal\u00e1l\u00e1val<\/p>\n\n\n\n<p>&nbsp;&#8211; A b\u00edr\u00f3s\u00e1g erre vonatkoz\u00f3 joger\u0151s hat\u00e1rozata alapj\u00e1n<\/p>\n\n\n\n<p>8.1.1. A szerz\u0151d\u00e9s megsz\u0171nik, amennyiben a Felek ebben \u00e1llapodnak meg. A megsz\u0171n\u00e9skor m\u00e1r teljes\u00edtett szolg\u00e1ltat\u00e1sok ellen\u00e9rt\u00e9k\u00e9vel a Feleknek ebben az esetben is el kell sz\u00e1molniuk egym\u00e1ssal.<\/p>\n\n\n\n<p>8.1.2. Ha valamelyik f\u00e9l a szerz\u0151d\u00e9sbe foglalt l\u00e9nyeges k\u00f6telezetts\u00e9g\u00e9t megs\u00e9rti, \u00fagy a m\u00e1sik f\u00e9l jogosult a szerz\u0151d\u00e9st a jogs\u00e9rt\u0151 f\u00e9lhez int\u00e9zett egyoldal\u00fa \u00edr\u00e1sbeli felmond\u00e1ssal, azonnali hat\u00e1llyal megsz\u00fcntetni \u00e9s k\u00e1rt\u00e9r\u00edt\u00e9st k\u00f6vetelni. L\u00e9nyeges k\u00f6telezetts\u00e9gnek sz\u00e1m\u00edt a Megb\u00edz\u00f3 oldal\u00e1n a szolg\u00e1ltat\u00e1s ny\u00fajt\u00e1s\u00e1hoz sz\u00fcks\u00e9ges adatok, dokumentumok megfelel\u0151 m\u00f3don t\u00f6rt\u00e9n\u0151 \u00e1tad\u00e1sa, illetve a megb\u00edz\u00e1si d\u00edj id\u0151ben t\u00f6rt\u00e9n\u0151 megfizet\u00e9se. A Megb\u00edzott r\u00e9sz\u00e9r\u0151l l\u00e9nyeges k\u00f6telezetts\u00e9g az aj\u00e1nlott szolg\u00e1ltat\u00e1s teljes k\u00f6r\u0171 ny\u00fajt\u00e1sa a Megb\u00edz\u00f3 r\u00e9sz\u00e9re.<\/p>\n\n\n\n<p>8.1.3. A Megb\u00edzott jogut\u00f3d n\u00e9lk\u00fcli megsz\u0171n\u00e9s\u00e9vel, illetve a mag\u00e1nszem\u00e9ly megb\u00edz\u00f3 hal\u00e1l\u00e1val a szerz\u0151d\u00e9s megsz\u0171nik.<\/p>\n\n\n\n<p>8.1.4. Megsz\u0171nik a szerz\u0151d\u00e9s, ha a b\u00edr\u00f3s\u00e1g joger\u0151s hat\u00e1rozat\u00e1val \u00edgy rendelkezik, a m\u00e1r teljes\u00edtett szolg\u00e1ltat\u00e1sokkal azonban ebben az esetben is el kell sz\u00e1molni.<\/p>\n\n\n\n<p><strong>9. Adatv\u00e9delem<\/strong><\/p>\n\n\n\n<p>9.1. A term\u00e9szetes szem\u00e9ly Megb\u00edz\u00f3 tudom\u00e1sul veszi, hogy a Megb\u00edz\u00e1si szerz\u0151d\u00e9s al\u00e1\u00edr\u00e1sa egyben a r\u00e9sz\u00e9r\u0151l az adatv\u00e9delmi nyilatkozat megad\u00e1s\u00e1nak is min\u0151s\u00fcl, amelynek birtok\u00e1ban a Megb\u00edzott a szolg\u00e1ltat\u00e1s ny\u00fajt\u00e1sa c\u00e9lj\u00e1b\u00f3l a Megb\u00edz\u00f3 \u00e1ltal megadott szem\u00e9lyes adatokat jogosult kezelni. Szem\u00e9lyes adatnak min\u0151s\u00fcl a Megb\u00edz\u00f3 minden olyan adata, amelyb\u0151l a szem\u00e9lye azonos\u00edthat\u00f3. Az adatok kezel\u00e9se ez esetben t\u00e1rol\u00e1st \u00e9s a szolg\u00e1ltat\u00e1s sz\u00e1m\u00e1ra t\u00f6rt\u00e9n\u0151 feldolgoz\u00e1st jelent.<\/p>\n\n\n\n<p>9.2. A Megb\u00edzott a Megb\u00edz\u00f3 adatait kiz\u00e1r\u00f3lag a szolg\u00e1ltat\u00e1s \u00e9rdek\u00e9ben jogosult felhaszn\u00e1lni, azokra referencia adatokk\u00e9nt is csak a Megb\u00edz\u00f3 enged\u00e9lye alapj\u00e1n hivatkozhat.<\/p>\n\n\n\n<p>9.3. A Megb\u00edz\u00f3 k\u00e9r\u00e9s\u00e9re a Megb\u00edzottnak r\u00e9szletes t\u00e1j\u00e9koztat\u00e1st kell ny\u00fajtania az adatkezel\u00e9s m\u00f3dj\u00e1r\u00f3l.<\/p>\n\n\n\n<p>9.4. Amennyiben a szerz\u0151d\u00e9s megsz\u0171nik, a Megb\u00edzott k\u00f6teles a Megb\u00edz\u00f3 szem\u00e9lyes adatait t\u00f6r\u00f6lni a nyilv\u00e1ntart\u00e1s\u00e1b\u00f3l.<\/p>\n\n\n\n<p>9.5. A Megb\u00edzott adatkezel\u00e9s\u00e9nek r\u00e9szletes szab\u00e1lyai az Adatkezel\u00e9si t\u00e1j\u00e9koztat\u00f3ban tal\u00e1lhat\u00f3ak, amely a Megb\u00edzott honlapj\u00e1n (<strong><a href=\"https:\/\/www.nemeszsuzsanna.hu\/blog\/GDPR\">www.nemeszsuzsanna.hu\/blog\/GDPR<\/a><\/strong>) hozz\u00e1f\u00e9rhet\u0151.<\/p>\n\n\n\n<p><strong>10. Szerz\u0151i jogok<\/strong><\/p>\n\n\n\n<p>10.1. A NEMESZSUZSANNA.HU weboldalon szerepl\u0151, valamint a v\u00e1llalkoz\u00e1s \u00e1ltal rendelkez\u00e9sre bocs\u00e1tott anyagok, inform\u00e1ci\u00f3k \u00e9s egy\u00e9b sz\u00f6vegek olyan szellemi term\u00e9knek min\u0151s\u00fclnek, amellyel kapcsolatos valamennyi szerz\u0151i jog a Megb\u00edzott tulajdon\u00e1ban \u00e1ll.<\/p>\n\n\n\n<p>10.2. Az egy\u00fcttm\u0171k\u00f6d\u00e9s sor\u00e1n a Megb\u00edzott \u00e1ltal rendelkez\u00e9sre bocs\u00e1tott anyagok kiz\u00e1r\u00f3lag a Megb\u00edzott \u00e1ltal ny\u00fajtott szolg\u00e1ltat\u00e1ssal \u00f6sszef\u00fcgg\u00e9sben, a Megb\u00edz\u00f3 saj\u00e1t c\u00e9ljaira haszn\u00e1lhat\u00f3k fel. Megb\u00edzott teljes felhatalmaz\u00e1st kap az \u00e1tadott tartalom alkalmaz\u00e1s\u00e1ra, viszont direkt form\u00e1ban azt nem oszthatja meg m\u00e1sokkal, \u00e9s nem tan\u00edthatja meg m\u00e1soknak, mert azzal jogs\u00e9rt\u0151 cselekm\u00e9nyt val\u00f3s\u00edt meg.<\/p>\n\n\n\n<p>10.3. A szerz\u0151i jogok 10.1. \u00e9s 10.2. pont szerinti megs\u00e9rt\u00e9s\u00e9t a Megb\u00edzott olyan l\u00e9nyeges k\u00f6telezetts\u00e9g s\u00e9rt\u00e9snek tekinti, amely a felek k\u00f6z\u00f6tti szerz\u0151d\u00e9s azonnali hat\u00e1ly\u00fa megsz\u00fcntet\u00e9s\u00e9t s ezzel egyidej\u0171leg k\u00e1rt\u00e9r\u00edt\u00e9s k\u00f6vetel\u00e9s\u00e9t vonhatja maga ut\u00e1n.<\/p>\n\n\n\n<p><strong>11. Z\u00e1r\u00f3 rendelkez\u00e9sek<\/strong><\/p>\n\n\n\n<p>11.1. A felek a k\u00f6z\u00f6tt\u00fck felmer\u00fclt vit\u00e1kat els\u0151sorban b\u00e9k\u00e9sen k\u00eds\u00e9rlik meg rendezni, ennek eredm\u00e9nytelens\u00e9ge eset\u00e9n a peres \u00fatra al\u00e1vetik magukat, hat\u00e1sk\u00f6rt\u0151l f\u00fcgg\u0151en a Budai K\u00f6zponti Ker\u00fcleti B\u00edr\u00f3s\u00e1g vagy a F\u0151v\u00e1rosi T\u00f6rv\u00e9nysz\u00e9k kiz\u00e1r\u00f3lagos illet\u00e9kess\u00e9g\u00e9nek.<\/p>\n\n\n\n<p>11.2. Az itt nem szab\u00e1lyozott k\u00e9rd\u00e9sekben a Polg\u00e1ri T\u00f6rv\u00e9nyk\u00f6nyv, a fogyaszt\u00f3 \u00e9s a v\u00e1llalkoz\u00e1s k\u00f6z\u00f6tti szerz\u0151d\u00e9sek r\u00e9szletes szab\u00e1lyair\u00f3l sz\u00f3l\u00f3 45\/2014. (ii.26.) Korm\u00e1nyrendelet, valamint az inform\u00e1ci\u00f3s \u00f6nrendelkez\u00e9si jogr\u00f3l \u00e9s az inform\u00e1ci\u00f3szabads\u00e1gr\u00f3l sz\u00f3l\u00f3 2011. \u00e9vi CXII. t\u00f6rv\u00e9ny rendelkez\u00e9seit kell alkalmazni.<\/p>\n\n\n\n<p>Orosh\u00e1za, 2022. janu\u00e1r 1.&nbsp;<\/p>\n","protected":false},"excerpt":{"rendered":"<p>Utols\u00f3 friss\u00edt\u00e9s: 2022. janu\u00e1r 1. \u00c1ltal\u00e1nos Szerz\u0151d\u00e9si Felt\u00e9telek(\u00c1SZF) a NEMESZSUZSANNA.HU weboldalon kereszt\u00fcl ny\u00fajtott szolg\u00e1ltat\u00e1sok ig\u00e9nybev\u00e9tel\u00e9hez \u00c1ltal\u00e1nos Szerz\u0151d\u00e9si Felt\u00e9telek (\u00c1SZF), amely a Megb\u00edz\u00f3val az 5.1. pont szerint megk\u00f6t\u00f6tt szerz\u0151d\u00e9s elv\u00e1laszthatatlan r\u00e9sz\u00e9t k\u00e9pezi. A szerz\u0151d\u00e9ses aj\u00e1nlat 5.1. pont szerinti m\u00f3don t\u00f6rt\u00e9n\u0151 elfogad\u00e1s\u00e1val a Megb\u00edz\u00f3 elismeri, hogy a k\u00fcl\u00f6n nem szab\u00e1lyozott rendelkez\u00e9sek tekintet\u00e9ben az \u00c1SZF rendelkez\u00e9seit kell alkalmazni, [&hellip;]<\/p>\n","protected":false},"author":2,"featured_media":0,"parent":0,"menu_order":0,"comment_status":"closed","ping_status":"closed","template":"","meta":{"footnotes":""},"class_list":["post-140","page","type-page","status-publish","hentry"],"_links":{"self":[{"href":"https:\/\/www.nemeszsuzsanna.hu\/blog\/wp-json\/wp\/v2\/pages\/140","targetHints":{"allow":["GET"]}}],"collection":[{"href":"https:\/\/www.nemeszsuzsanna.hu\/blog\/wp-json\/wp\/v2\/pages"}],"about":[{"href":"https:\/\/www.nemeszsuzsanna.hu\/blog\/wp-json\/wp\/v2\/types\/page"}],"author":[{"embeddable":true,"href":"https:\/\/www.nemeszsuzsanna.hu\/blog\/wp-json\/wp\/v2\/users\/2"}],"replies":[{"embeddable":true,"href":"https:\/\/www.nemeszsuzsanna.hu\/blog\/wp-json\/wp\/v2\/comments?post=140"}],"version-history":[{"count":2,"href":"https:\/\/www.nemeszsuzsanna.hu\/blog\/wp-json\/wp\/v2\/pages\/140\/revisions"}],"predecessor-version":[{"id":146,"href":"https:\/\/www.nemeszsuzsanna.hu\/blog\/wp-json\/wp\/v2\/pages\/140\/revisions\/146"}],"wp:attachment":[{"href":"https:\/\/www.nemeszsuzsanna.hu\/blog\/wp-json\/wp\/v2\/media?parent=140"}],"curies":[{"name":"wp","href":"https:\/\/api.w.org\/{rel}","templated":true}]}}