{"id":69,"date":"2021-05-24T20:48:28","date_gmt":"2021-05-24T18:48:28","guid":{"rendered":"https:\/\/www.nemeszsuzsanna.hu\/blog\/?page_id=69"},"modified":"2022-03-17T10:48:16","modified_gmt":"2022-03-17T09:48:16","slug":"mediamegjelenesek","status":"publish","type":"page","link":"https:\/\/www.nemeszsuzsanna.hu\/blog\/mediamegjelenesek\/","title":{"rendered":"M\u00e9diamegjelen\u00e9sek"},"content":{"rendered":"\n<p>ATV &#8211; Munkahelyi konfliktusok: egyre t\u00fcrelmetlenebbek vagyunk egym\u00e1ssal<\/p>\n\n\n\n<div class=\"video-container\"><iframe loading=\"lazy\" src=\"https:\/\/www.youtube-nocookie.com\/embed\/Pj-kJ3NgPCk\" title=\"YouTube video player\" allow=\"accelerometer; autoplay; clipboard-write; encrypted-media; gyroscope; picture-in-picture\" allowfullscreen=\"\" width=\"560\" height=\"315\" frameborder=\"0\"><\/iframe><\/div>\n\n\n\n<hr class=\"wp-block-separator\"\/>\n\n\n\n<p>Spirit FM<\/p>\n\n\n\n<iframe loading=\"lazy\" scrolling=\"no\" allow=\"autoplay\" src=\"https:\/\/w.soundcloud.com\/player\/?url=https%3A\/\/api.soundcloud.com\/tracks\/1024956721&amp;color=%23ff5500&amp;auto_play=false&amp;hide_related=false&amp;show_comments=true&amp;show_user=true&amp;show_reposts=false&amp;show_teaser=true&amp;visual=true\" width=\"100%\" height=\"300\" frameborder=\"no\"><\/iframe><div style=\"font-size: 10px; color: #cccccc;line-break: anywhere;word-break: normal;overflow: hidden;white-space: nowrap;text-overflow: ellipsis; font-family: Interstate,Lucida Grande,Lucida Sans Unicode,Lucida Sans,Garuda,Verdana,Tahoma,sans-serif;font-weight: 100;\"><a href=\"https:\/\/soundcloud.com\/spiritfmbp\" title=\"Spirit FM\" target=\"_blank\" style=\"color: #cccccc; text-decoration: none;\" rel=\"noopener\">Spirit FM<\/a> \u00b7 <a href=\"https:\/\/soundcloud.com\/spiritfmbp\/nemes-zsuzsanna-mba-kozgazdasz-20210408\" title=\"Nemes Zsuzsanna, MBA k\u00f6zgazd\u00e1sz 2021.04.08.\" target=\"_blank\" style=\"color: #cccccc; text-decoration: none;\" rel=\"noopener\">Nemes Zsuzsanna, MBA k\u00f6zgazd\u00e1sz 2021.04.08.<\/a><\/div>\n\n\n\n<hr class=\"wp-block-separator\"\/>\n\n\n\n<p>Kvarc FM &#8211; Sp\u00e1jz &#8211; <em>A besz\u00e9lget\u00e9s a 37. perct\u0151l hallhat\u00f3<\/em><\/p>\n\n\n\n<iframe loading=\"lazy\" src=\"https:\/\/www.mixcloud.com\/widget\/iframe\/?hide_cover=1&amp;feed=%2Fkarcfm%2Fsp%C3%A1jz-2021-04-12-0900-1200-1%2F\" width=\"100%\" height=\"120\" frameborder=\"0\"><\/iframe>\n\n\n\n<hr class=\"wp-block-separator\"\/>\n\n\n\n<p><\/p>\n\n\n\n<p>Heti Tv &#8211; A H\u00e9t Embere Schmuck Andorral <\/p>\n\n\n\n<div class=\"video-container\"><iframe loading=\"lazy\" src=\"https:\/\/www.youtube-nocookie.com\/embed\/ieFk0tKsyAk?start=911\" title=\"YouTube video player\" allow=\"accelerometer; autoplay; clipboard-write; encrypted-media; gyroscope; picture-in-picture\" allowfullscreen=\"\" width=\"560\" height=\"315\" frameborder=\"0\"><\/iframe><\/div>\n\n\n\n<hr class=\"wp-block-separator\"\/>\n\n\n\n<ul class=\"wp-block-list\"><li>Piac \u00e9s Profit &#8211; <a href=\"https:\/\/piacesprofit.hu\/kkv_cegblog\/bizonytalanna-valt-az-elet-mit-tehet-most-egy-jo-fonok\/\">https:\/\/piacesprofit.hu\/kkv_cegblog\/bizonytalanna-valt-az-elet-mit-tehet-most-egy-jo-fonok\/<\/a><\/li><li>Oros Caf\u00e9 &#8211; <a href=\"http:\/\/oroscafe.hu\/2022\/01\/07\/milyen-az-idealis-vezeto-hogyan-valhatunk-azza-nemes-zsuzsanna-szervezetfejlesztes-vallalkozasfejlesztes-vezetokepzes-ceg-sikeresseg-profittermeles-oroshaza\/\">http:\/\/oroscafe.hu\/2022\/01\/07\/milyen-az-idealis-vezeto-hogyan-valhatunk-azza-nemes-zsuzsanna-szervezetfejlesztes-vallalkozasfejlesztes-vezetokepzes-ceg-sikeresseg-profittermeles-oroshaza\/<\/a><\/li><li>Index &#8211; <a rel=\"noreferrer noopener\" href=\"https:\/\/index.hu\/belfold\/2021\/02\/04\/koronavirus-jarvany-home-office-munkahely-kollegak-halozatelemzes\/\" target=\"_blank\">https:\/\/index.hu\/belfold\/2021\/02\/04\/koronavirus-jarvany-home-office-munkahely-kollegak-halozatelemzes\/<\/a><\/li><li>Piac \u00e9s Profit &#8211; <a rel=\"noreferrer noopener\" href=\"https:\/\/piacesprofit.hu\/kkv_cegblog\/kiegett-es-eltavolodo-kollegak-a-cegek-eletet-is-nagyban-atirta-a-virus\/\" target=\"_blank\">https:\/\/piacesprofit.hu\/kkv_cegblog\/kiegett-es-eltavolodo-kollegak-a-cegek-eletet-is-nagyban-atirta-a-virus\/<\/a><\/li><li>Trade Magazin &#8211; <a rel=\"noreferrer noopener\" href=\"https:\/\/trademagazin.hu\/hu\/tavolodnak-egymastol-a-kollegak-a-munkahelyeken-a-virus-miatt\/\" target=\"_blank\">https:\/\/trademagazin.hu\/hu\/tavolodnak-egymastol-a-kollegak-a-munkahelyeken-a-virus-miatt\/<\/a><\/li><li>HR POWER &#8211; <a rel=\"noreferrer noopener\" href=\"http:\/\/hrpwr.hu\/aktualis\/cikk\/az_elmult_evben_jelentosen_eltavolodhattak_egymastol_a_munkavallalok\" target=\"_blank\">http:\/\/hrpwr.hu\/aktualis\/cikk\/az_elmult_evben_jelentosen_eltavolodhattak_egymastol_a_munkavallalok<\/a><\/li><\/ul>\n\n\n\n<p><\/p>\n","protected":false},"excerpt":{"rendered":"<p>ATV &#8211; Munkahelyi konfliktusok: egyre t\u00fcrelmetlenebbek vagyunk egym\u00e1ssal Spirit FM Spirit FM \u00b7 Nemes Zsuzsanna, MBA k\u00f6zgazd\u00e1sz 2021.04.08. Kvarc FM &#8211; Sp\u00e1jz &#8211; A besz\u00e9lget\u00e9s a 37. perct\u0151l hallhat\u00f3 Heti Tv &#8211; A H\u00e9t Embere Schmuck Andorral Piac \u00e9s Profit &#8211; https:\/\/piacesprofit.hu\/kkv_cegblog\/bizonytalanna-valt-az-elet-mit-tehet-most-egy-jo-fonok\/ Oros Caf\u00e9 &#8211; http:\/\/oroscafe.hu\/2022\/01\/07\/milyen-az-idealis-vezeto-hogyan-valhatunk-azza-nemes-zsuzsanna-szervezetfejlesztes-vallalkozasfejlesztes-vezetokepzes-ceg-sikeresseg-profittermeles-oroshaza\/ Index &#8211; https:\/\/index.hu\/belfold\/2021\/02\/04\/koronavirus-jarvany-home-office-munkahely-kollegak-halozatelemzes\/ Piac \u00e9s Profit &#8211; https:\/\/piacesprofit.hu\/kkv_cegblog\/kiegett-es-eltavolodo-kollegak-a-cegek-eletet-is-nagyban-atirta-a-virus\/ Trade [&hellip;]<\/p>\n","protected":false},"author":2,"featured_media":0,"parent":0,"menu_order":0,"comment_status":"closed","ping_status":"closed","template":"","meta":{"footnotes":""},"class_list":["post-69","page","type-page","status-publish","hentry"],"_links":{"self":[{"href":"https:\/\/www.nemeszsuzsanna.hu\/blog\/wp-json\/wp\/v2\/pages\/69","targetHints":{"allow":["GET"]}}],"collection":[{"href":"https:\/\/www.nemeszsuzsanna.hu\/blog\/wp-json\/wp\/v2\/pages"}],"about":[{"href":"https:\/\/www.nemeszsuzsanna.hu\/blog\/wp-json\/wp\/v2\/types\/page"}],"author":[{"embeddable":true,"href":"https:\/\/www.nemeszsuzsanna.hu\/blog\/wp-json\/wp\/v2\/users\/2"}],"replies":[{"embeddable":true,"href":"https:\/\/www.nemeszsuzsanna.hu\/blog\/wp-json\/wp\/v2\/comments?post=69"}],"version-history":[{"count":15,"href":"https:\/\/www.nemeszsuzsanna.hu\/blog\/wp-json\/wp\/v2\/pages\/69\/revisions"}],"predecessor-version":[{"id":137,"href":"https:\/\/www.nemeszsuzsanna.hu\/blog\/wp-json\/wp\/v2\/pages\/69\/revisions\/137"}],"wp:attachment":[{"href":"https:\/\/www.nemeszsuzsanna.hu\/blog\/wp-json\/wp\/v2\/media?parent=69"}],"curies":[{"name":"wp","href":"https:\/\/api.w.org\/{rel}","templated":true}]}}

Médiamegjelenések

<p>ATV &#8211; Munkahelyi konfliktusok: egyre türelmetlenebbek vagyunk egymással</p>



<div class="video-container"><iframe loading="lazy" src="https://www.youtube-nocookie.com/embed/Pj-kJ3NgPCk" title="YouTube video player" allow="accelerometer; autoplay; clipboard-write; encrypted-media; gyroscope; picture-in-picture" allowfullscreen="" width="560" height="315" frameborder="0"></iframe></div>



<hr class="wp-block-separator"/>



<p>Spirit FM</p>



<iframe loading="lazy" scrolling="no" allow="autoplay" src="https://w.soundcloud.com/player/?url=https%3A//api.soundcloud.com/tracks/1024956721&amp;color=%23ff5500&amp;auto_play=false&amp;hide_related=false&amp;show_comments=true&amp;show_user=true&amp;show_reposts=false&amp;show_teaser=true&amp;visual=true" width="100%" height="300" frameborder="no"></iframe><div style="font-size: 10px; color: #cccccc;line-break: anywhere;word-break: normal;overflow: hidden;white-space: nowrap;text-overflow: ellipsis; font-family: Interstate,Lucida Grande,Lucida Sans Unicode,Lucida Sans,Garuda,Verdana,Tahoma,sans-serif;font-weight: 100;"><a href="https://soundcloud.com/spiritfmbp" title="Spirit FM" target="_blank" style="color: #cccccc; text-decoration: none;" rel="noopener">Spirit FM</a> · <a href="https://soundcloud.com/spiritfmbp/nemes-zsuzsanna-mba-kozgazdasz-20210408" title="Nemes Zsuzsanna, MBA közgazdász 2021.04.08." target="_blank" style="color: #cccccc; text-decoration: none;" rel="noopener">Nemes Zsuzsanna, MBA közgazdász 2021.04.08.</a></div>



<hr class="wp-block-separator"/>



<p>Kvarc FM &#8211; Spájz &#8211; <em>A beszélgetés a 37. perctől hallható</em></p>



<iframe loading="lazy" src="https://www.mixcloud.com/widget/iframe/?hide_cover=1&amp;feed=%2Fkarcfm%2Fsp%C3%A1jz-2021-04-12-0900-1200-1%2F" width="100%" height="120" frameborder="0"></iframe>



<hr class="wp-block-separator"/>



<p></p>



<p>Heti Tv &#8211; A Hét Embere Schmuck Andorral </p>



<div class="video-container"><iframe loading="lazy" src="https://www.youtube-nocookie.com/embed/ieFk0tKsyAk?start=911" title="YouTube video player" allow="accelerometer; autoplay; clipboard-write; encrypted-media; gyroscope; picture-in-picture" allowfullscreen="" width="560" height="315" frameborder="0"></iframe></div>



<hr class="wp-block-separator"/>



<ul class="wp-block-list"><li>Piac és Profit &#8211; <a href="https://piacesprofit.hu/kkv_cegblog/bizonytalanna-valt-az-elet-mit-tehet-most-egy-jo-fonok/">https://piacesprofit.hu/kkv_cegblog/bizonytalanna-valt-az-elet-mit-tehet-most-egy-jo-fonok/</a></li><li>Oros Café &#8211; <a href="http://oroscafe.hu/2022/01/07/milyen-az-idealis-vezeto-hogyan-valhatunk-azza-nemes-zsuzsanna-szervezetfejlesztes-vallalkozasfejlesztes-vezetokepzes-ceg-sikeresseg-profittermeles-oroshaza/">http://oroscafe.hu/2022/01/07/milyen-az-idealis-vezeto-hogyan-valhatunk-azza-nemes-zsuzsanna-szervezetfejlesztes-vallalkozasfejlesztes-vezetokepzes-ceg-sikeresseg-profittermeles-oroshaza/</a></li><li>Index &#8211; <a rel="noreferrer noopener" href="https://index.hu/belfold/2021/02/04/koronavirus-jarvany-home-office-munkahely-kollegak-halozatelemzes/" target="_blank">https://index.hu/belfold/2021/02/04/koronavirus-jarvany-home-office-munkahely-kollegak-halozatelemzes/</a></li><li>Piac és Profit &#8211; <a rel="noreferrer noopener" href="https://piacesprofit.hu/kkv_cegblog/kiegett-es-eltavolodo-kollegak-a-cegek-eletet-is-nagyban-atirta-a-virus/" target="_blank">https://piacesprofit.hu/kkv_cegblog/kiegett-es-eltavolodo-kollegak-a-cegek-eletet-is-nagyban-atirta-a-virus/</a></li><li>Trade Magazin &#8211; <a rel="noreferrer noopener" href="https://trademagazin.hu/hu/tavolodnak-egymastol-a-kollegak-a-munkahelyeken-a-virus-miatt/" target="_blank">https://trademagazin.hu/hu/tavolodnak-egymastol-a-kollegak-a-munkahelyeken-a-virus-miatt/</a></li><li>HR POWER &#8211; <a rel="noreferrer noopener" href="http://hrpwr.hu/aktualis/cikk/az_elmult_evben_jelentosen_eltavolodhattak_egymastol_a_munkavallalok" target="_blank">http://hrpwr.hu/aktualis/cikk/az_elmult_evben_jelentosen_eltavolodhattak_egymastol_a_munkavallalok</a></li></ul>



<p></p>

<p>ATV &#8211; Munkahelyi konfliktusok: egyre türelmetlenebbek vagyunk egymással Spirit FM Spirit FM · Nemes Zsuzsanna, MBA közgazdász 2021.04.08. Kvarc FM &#8211; Spájz &#8211; A beszélgetés a 37. perctől hallható Heti Tv &#8211; A Hét Embere Schmuck Andorral Piac és Profit &#8211; https://piacesprofit.hu/kkv_cegblog/bizonytalanna-valt-az-elet-mit-tehet-most-egy-jo-fonok/ Oros Café &#8211; http://oroscafe.hu/2022/01/07/milyen-az-idealis-vezeto-hogyan-valhatunk-azza-nemes-zsuzsanna-szervezetfejlesztes-vallalkozasfejlesztes-vezetokepzes-ceg-sikeresseg-profittermeles-oroshaza/ Index &#8211; https://index.hu/belfold/2021/02/04/koronavirus-jarvany-home-office-munkahely-kollegak-halozatelemzes/ Piac és Profit &#8211; https://piacesprofit.hu/kkv_cegblog/kiegett-es-eltavolodo-kollegak-a-cegek-eletet-is-nagyban-atirta-a-virus/ Trade [&hellip;]</p>
